{"id":1114,"date":"2019-09-20T20:01:55","date_gmt":"2019-09-20T17:01:55","guid":{"rendered":"http:\/\/www.adanagsdernegi.org.tr\/?page_id=2"},"modified":"2019-10-28T19:44:15","modified_gmt":"2019-10-28T16:44:15","slug":"hakkimizda","status":"publish","type":"page","link":"https:\/\/adanagsdernegi.org.tr\/index.php\/hakkimizda\/","title":{"rendered":"Hakk\u0131m\u0131zda"},"content":{"rendered":"<div class=\"wpb-content-wrapper\"><p>\t\t\t\t[vc_row][vc_column][vc_column_text]\u00dclkemizin bir \u00e7ok ilinde kul\u00fcb\u00fcm\u00fcz\u00fcn ve renklerimizin \u015fan\u0131na yak\u0131\u015f\u0131r bir \u015fekilde temsil edilen GALATASARAY&#8217;\u0131n, sar\u0131 k\u0131rm\u0131z\u0131 renklere g\u00f6n\u00fcl vermi\u015f bizlerin ya\u015fad\u0131\u011f\u0131 Adana&#8217;m\u0131zda da en iyi \u015fekilde temsil edilmesi ve <strong><em>Galatasaray Spor Kul\u00fcb\u00fcm\u00fcz\u00fcn resmi temsilcisi <\/em><\/strong>olmas\u0131 amac\u0131yla <em>&#8220;<strong>Adana Galatasaray Taraftar Derne\u011fi<\/strong>&#8220;<\/em>&#8216;ni kurmu\u015f bulunuyoruz.<\/p>\n<p>Adana&#8217;da tak\u0131m\u0131m\u0131za yak\u0131\u015f\u0131r bir dernek merkezi hedefi ile \u00e7\u0131kt\u0131\u011f\u0131m\u0131z bu yolda sadece Galatasarayl\u0131lar\u0131 bir araya getirmek de\u011fil, ayn\u0131 zamanda \u015fehrimize de de\u011fer ve katk\u0131 yaratacak bir Sivil Toplum Kurulu\u015fu olmay\u0131 hedefliyoruz.<\/p>\n<p><em>&#8220;Galatasaray bir his tak\u0131m\u0131d\u0131r. Bir halat\u0131 birlikte \u00e7ekenlerin, hep birlikte \u00fcz\u00fcl\u00fcp, hep beraber sevinmesini bilenlerin tak\u0131m\u0131d\u0131r&#8221;<\/em> diye tan\u0131mlayan Baba G\u00fcnd\u00fcz&#8217;\u00fcn ve Metin Oktay&#8217;\u0131n ruhuyla;<\/p>\n<p>Sizi <strong>Adana Galatasaray Taraftarlar Derne\u011fi&#8217;ne<\/strong> \u00dcYE olmaya davet ediyoruz[\/vc_column_text][\/vc_column][\/vc_row]\t\t<\/p>\n<\/div>","protected":false},"excerpt":{"rendered":"<p>[vc_row][vc_column][vc_column_text]\u00dclkemizin bir \u00e7ok ilinde kul\u00fcb\u00fcm\u00fcz\u00fcn ve renklerimizin \u015fan\u0131na yak\u0131\u015f\u0131r bir \u015fekilde temsil edilen GALATASARAY&#8217;\u0131n, sar\u0131 k\u0131rm\u0131z\u0131 renklere g\u00f6n\u00fcl vermi\u015f bizlerin ya\u015fad\u0131\u011f\u0131 Adana&#8217;m\u0131zda da en iyi \u015fekilde temsil edilmesi ve Galatasaray Spor Kul\u00fcb\u00fcm\u00fcz\u00fcn resmi temsilcisi olmas\u0131 amac\u0131yla &#8220;Adana Galatasaray Taraftar Derne\u011fi&#8220;&#8216;ni kurmu\u015f bulunuyoruz. Adana&#8217;da tak\u0131m\u0131m\u0131za yak\u0131\u015f\u0131r&#8230;<\/p>\n","protected":false},"author":1,"featured_media":0,"parent":0,"menu_order":0,"comment_status":"open","ping_status":"closed","template":"","meta":{"footnotes":""},"class_list":["post-1114","page","type-page","status-publish","hentry"],"_links":{"self":[{"href":"https:\/\/adanagsdernegi.org.tr\/index.php\/wp-json\/wp\/v2\/pages\/1114","targetHints":{"allow":["GET"]}}],"collection":[{"href":"https:\/\/adanagsdernegi.org.tr\/index.php\/wp-json\/wp\/v2\/pages"}],"about":[{"href":"https:\/\/adanagsdernegi.org.tr\/index.php\/wp-json\/wp\/v2\/types\/page"}],"author":[{"embeddable":true,"href":"https:\/\/adanagsdernegi.org.tr\/index.php\/wp-json\/wp\/v2\/users\/1"}],"replies":[{"embeddable":true,"href":"https:\/\/adanagsdernegi.org.tr\/index.php\/wp-json\/wp\/v2\/comments?post=1114"}],"version-history":[{"count":1,"href":"https:\/\/adanagsdernegi.org.tr\/index.php\/wp-json\/wp\/v2\/pages\/1114\/revisions"}],"predecessor-version":[{"id":1497,"href":"https:\/\/adanagsdernegi.org.tr\/index.php\/wp-json\/wp\/v2\/pages\/1114\/revisions\/1497"}],"wp:attachment":[{"href":"https:\/\/adanagsdernegi.org.tr\/index.php\/wp-json\/wp\/v2\/media?parent=1114"}],"curies":[{"name":"wp","href":"https:\/\/api.w.org\/{rel}","templated":true}]}}